{"id":90,"date":"2023-09-10T23:34:01","date_gmt":"2023-09-10T21:34:01","guid":{"rendered":"https:\/\/www.chcemzamestnanie.sk\/?page_id=90"},"modified":"2024-01-04T10:57:15","modified_gmt":"2024-01-04T09:57:15","slug":"pre-uchadzacov","status":"publish","type":"page","link":"https:\/\/www.chcemzamestnanie.sk\/?page_id=90","title":{"rendered":"Pre Uch\u00e1dza\u010dov"},"content":{"rendered":"\n<p>H\u013ead\u00e1te nov\u00e9 pracovn\u00e9 pr\u00edle\u017eitosti a chcete za\u010da\u0165 nov\u00fa kapitolu vo va\u0161ej kari\u00e9re? Potom ste na spr\u00e1vnom mieste! Port\u00e1l ChcemZamestnanie.sk v\u00e1m pon\u00faka:<\/p>\n\n\n\n<p>1\/ <strong>Rozmanit\u00e9 ponuky<\/strong>                                                                                                                                    Na na\u0161om webe n\u00e1jdete \u0161irok\u00fa \u0161k\u00e1lu pracovn\u00fdch pon\u00fak od mnoh\u00fdch firiem z cel\u00e9ho Slovenska, aj zahrani\u010dia. \u010ci u\u017e h\u013ead\u00e1te pr\u00e1cu na pln\u00fd alebo \u010diasto\u010dn\u00fd \u00fav\u00e4zok, ur\u010dite si u n\u00e1s vyberiete.<\/p>\n\n\n\n<p>2\/ <strong>Aktu\u00e1lnos\u0165 a pravideln\u00e9 aktualiz\u00e1cie<\/strong>                                                                                                           Na\u0161a datab\u00e1za pracovn\u00fdch pon\u00fak je neust\u00e1le aktualizovan\u00e1, tak\u017ee m\u00e1te istotu, \u017ee v\u017edy n\u00e1jdete tie najaktu\u00e1lnej\u0161ie a najzauj\u00edmavej\u0161ie pr\u00edle\u017eitosti.<\/p>\n\n\n\n<p>3\/ <strong>Jednoduchos\u0165 a preh\u013eadnos\u0165<\/strong>                                                                                                                       V\u010faka intuit\u00edvnemu rozhraniu si r\u00fdchlo a jednoducho nastav\u00edte vlastn\u00e9 filtre vyh\u013ead\u00e1vania, \u010do v\u00e1m umo\u017en\u00ed n\u00e1js\u0165 presne t\u00fa pracovn\u00fa poz\u00edciu, ktor\u00e1 v\u00e1m najviac vyhovuje.<\/p>\n\n\n\n<p>4\/ <strong>Bezpe\u010dn\u00e9 odoslanie \u017eivotopisu<\/strong>                                                                                                                   S na\u0161\u00edm bezpe\u010dn\u00fdm a diskr\u00e9tnym syst\u00e9mom pre odoslanie \u017eivotopisov V\u00e1m zaru\u010dujeme, \u017ee va\u0161e d\u00e1ta s\u00fa v dobr\u00fdch ruk\u00e1ch a dostan\u00fa sa priamo k zamestn\u00e1vate\u013eovi.<\/p>\n\n\n\n<p>5\/ <strong>Tipy a triky pre uch\u00e1dza\u010dov<\/strong>                                                                                                           Pon\u00fakame v\u00e1m cenn\u00e9 rady a odpor\u00fa\u010dania t\u00fdkaj\u00face sa pohovorov, tvorby \u017eivotopisu a mnoho in\u00e9ho, aby ste mali \u010do najlep\u0161iu \u0161ancu uspie\u0165.<\/p>\n\n\n\n<p><\/p>\n\n\n\n<p>Ne\u010dakajte na to, k\u00fdm v\u00e1m pr\u00edle\u017eitos\u0165 prejde popri nose. Sta\u0148te sa akt\u00edvnym \u010dlenom na\u0161ej komunity, objavujte nov\u00e9 pr\u00edle\u017eitosti a po\u0161lite n\u00e1m v\u00e1\u0161 \u017eivotopis e\u0161te dnes. V\u00e1\u0161 nov\u00fd profesijn\u00fd za\u010diatok m\u00f4\u017ee by\u0165 len p\u00e1r kliknut\u00ed od v\u00e1s!   Pr\u00e1ve na ChcemZamestnanie.sk<\/p>\n\n\n\n<p><\/p>\n\n\n\n<p><\/p>\n\n\n\n\n<div class=\"wpcf7 no-js\" id=\"wpcf7-f7-o1\" lang=\"sk-SK\" dir=\"ltr\" data-wpcf7-id=\"7\">\n<div class=\"screen-reader-response\"><p role=\"status\" aria-live=\"polite\" aria-atomic=\"true\"><\/p> <ul><\/ul><\/div>\n<form action=\"\/index.php?rest_route=%2Fwp%2Fv2%2Fpages%2F90#wpcf7-f7-o1\" method=\"post\" class=\"wpcf7-form init\" aria-label=\"Kontaktn\u00fd formul\u00e1r\" enctype=\"multipart\/form-data\" novalidate=\"novalidate\" data-status=\"init\">\n<fieldset class=\"hidden-fields-container\"><input type=\"hidden\" name=\"_wpcf7\" value=\"7\" \/><input type=\"hidden\" name=\"_wpcf7_version\" value=\"6.1.2\" \/><input type=\"hidden\" name=\"_wpcf7_locale\" value=\"sk_SK\" \/><input type=\"hidden\" name=\"_wpcf7_unit_tag\" value=\"wpcf7-f7-o1\" \/><input type=\"hidden\" name=\"_wpcf7_container_post\" value=\"0\" \/><input type=\"hidden\" name=\"_wpcf7_posted_data_hash\" value=\"\" \/>\n<\/fieldset>\n<p><span class=\"wpcf7-form-control-wrap\" data-name=\"file-760\"><input size=\"40\" class=\"wpcf7-form-control wpcf7-file\" accept=\"audio\/*,video\/*,image\/*\" aria-invalid=\"false\" type=\"file\" name=\"file-760\" \/><\/span><label> Va\u0161e meno<br \/>\n<span class=\"wpcf7-form-control-wrap\" data-name=\"your-name\"><input size=\"40\" maxlength=\"400\" class=\"wpcf7-form-control wpcf7-text wpcf7-validates-as-required\" autocomplete=\"name\" aria-required=\"true\" aria-invalid=\"false\" value=\"\" type=\"text\" name=\"your-name\" \/><\/span> <\/label>\n<\/p>\n<p><label> V\u00e1\u0161 email<br \/>\n<span class=\"wpcf7-form-control-wrap\" data-name=\"your-email\"><input size=\"40\" maxlength=\"400\" class=\"wpcf7-form-control wpcf7-email wpcf7-validates-as-required wpcf7-text wpcf7-validates-as-email\" autocomplete=\"email\" aria-required=\"true\" aria-invalid=\"false\" value=\"\" type=\"email\" name=\"your-email\" \/><\/span> <\/label>\n<\/p>\n<p><label> Predmet<br \/>\n<span class=\"wpcf7-form-control-wrap\" data-name=\"your-subject\"><input size=\"40\" maxlength=\"400\" class=\"wpcf7-form-control wpcf7-text wpcf7-validates-as-required\" aria-required=\"true\" aria-invalid=\"false\" value=\"\" type=\"text\" name=\"your-subject\" \/><\/span> <\/label>\n<\/p>\n<p><label> Va\u0161a spr\u00e1va (volite\u013en\u00e9)<br \/>\n<span class=\"wpcf7-form-control-wrap\" data-name=\"your-message\"><textarea cols=\"40\" rows=\"10\" maxlength=\"2000\" class=\"wpcf7-form-control wpcf7-textarea\" aria-invalid=\"false\" name=\"your-message\"><\/textarea><\/span> <\/label>\n<\/p>\n<p><input class=\"wpcf7-form-control wpcf7-submit has-spinner\" type=\"submit\" value=\"Odosla\u0165\" \/>\n<\/p><div class=\"wpcf7-response-output\" aria-hidden=\"true\"><\/div>\n<\/form>\n<\/div>\n\n\n\n\n<p><\/p>\n\n\n<div class=\"wp-block-image\">\n<figure class=\"aligncenter size-large\"><img loading=\"lazy\" decoding=\"async\" width=\"1024\" height=\"202\" src=\"https:\/\/www.chcemzamestnanie.sk\/wp-content\/uploads\/2023\/09\/edf-2-1024x202.jpg\" alt=\"\" class=\"wp-image-95\" srcset=\"https:\/\/www.chcemzamestnanie.sk\/wp-content\/uploads\/2023\/09\/edf-2-1024x202.jpg 1024w, https:\/\/www.chcemzamestnanie.sk\/wp-content\/uploads\/2023\/09\/edf-2-300x59.jpg 300w, https:\/\/www.chcemzamestnanie.sk\/wp-content\/uploads\/2023\/09\/edf-2-768x151.jpg 768w, https:\/\/www.chcemzamestnanie.sk\/wp-content\/uploads\/2023\/09\/edf-2-304x60.jpg 304w, https:\/\/www.chcemzamestnanie.sk\/wp-content\/uploads\/2023\/09\/edf-2.jpg 1232w\" sizes=\"auto, (max-width: 1024px) 100vw, 1024px\" \/><\/figure><\/div>","protected":false},"excerpt":{"rendered":"<p>H\u013ead\u00e1te nov\u00e9 pracovn\u00e9 pr\u00edle\u017eitosti a chcete za\u010da\u0165 nov\u00fa kapitolu vo va\u0161ej kari\u00e9re? Potom ste na spr\u00e1vnom mieste! Port\u00e1l ChcemZamestnanie.sk v\u00e1m pon\u00faka: 1\/ Rozmanit\u00e9 ponuky Na &hellip; <\/p>\n","protected":false},"author":1,"featured_media":0,"parent":0,"menu_order":0,"comment_status":"closed","ping_status":"closed","template":"","meta":{"om_disable_all_campaigns":false,"_monsterinsights_skip_tracking":false,"_monsterinsights_sitenote_active":false,"_monsterinsights_sitenote_note":"","_monsterinsights_sitenote_category":0,"footnotes":""},"class_list":["post-90","page","type-page","status-publish","hentry"],"_links":{"self":[{"href":"https:\/\/www.chcemzamestnanie.sk\/index.php?rest_route=\/wp\/v2\/pages\/90","targetHints":{"allow":["GET"]}}],"collection":[{"href":"https:\/\/www.chcemzamestnanie.sk\/index.php?rest_route=\/wp\/v2\/pages"}],"about":[{"href":"https:\/\/www.chcemzamestnanie.sk\/index.php?rest_route=\/wp\/v2\/types\/page"}],"author":[{"embeddable":true,"href":"https:\/\/www.chcemzamestnanie.sk\/index.php?rest_route=\/wp\/v2\/users\/1"}],"replies":[{"embeddable":true,"href":"https:\/\/www.chcemzamestnanie.sk\/index.php?rest_route=%2Fwp%2Fv2%2Fcomments&post=90"}],"version-history":[{"count":6,"href":"https:\/\/www.chcemzamestnanie.sk\/index.php?rest_route=\/wp\/v2\/pages\/90\/revisions"}],"predecessor-version":[{"id":505,"href":"https:\/\/www.chcemzamestnanie.sk\/index.php?rest_route=\/wp\/v2\/pages\/90\/revisions\/505"}],"wp:attachment":[{"href":"https:\/\/www.chcemzamestnanie.sk\/index.php?rest_route=%2Fwp%2Fv2%2Fmedia&parent=90"}],"curies":[{"name":"wp","href":"https:\/\/api.w.org\/{rel}","templated":true}]}}